 prime factors of z.
5, 13, 97
Suppose 3*f + 4*g = -0*g + 20, g = 3*f - 10. Let i be (-14)/f*(-32)/14. Suppose i = -19*h + 84. List the prime factors of h.
2
Let g(k) be the second derivative of k**5/20 - 5*k**4/12 - k**3/3 - 16*k**2 - 24*k. List the prime factors of g(7).
2, 13
Let n(q) = -9*q**3 + 61*q**2 - 31*q - 35. List the prime factors of n(-12).
11, 2243
Let h(c) = 728*c**2 - c - 2. Let f be h(-1). Suppose 0 = -9*p - f + 4858. List the prime factors of p.
3, 17
Suppose c - 49*k - 19586 = -52*k, c - 2*k - 19556 = 0. What are the prime factors of c?
2, 1223
Suppose -2*y - h - 39114 = -3*y, -3*h + 3 = 0. What are the prime factors of y?
5, 7823
Let x be ((-144)/40)/(4/(-10)). Suppose 61 + 38 = x*w. Suppose -1044 = 2*n - w*n. List the prime factors of n.
2, 29
Suppose 0 = -5*k - 3109 + 394. Let s = 943 + k. What are the prime factors of s?
2, 5
Suppose -704*b + 655*b + 609460 = -391022. What are the prime factors of b?
2, 3, 41, 83
Suppose -5*j - g - 39376 = -210738, 4*g + 34285 = j. List the prime factors of j.
34273
Let a(g) = 14*g**2 + 2*g - 329. What are the prime factors of a(23)?
17, 419
Let z(w) = -255*w + 918. What are the prime factors of z(-50)?
2, 3, 17, 67
Suppose 0 = -7*g + 62663 + 72679 - 33807. What are the prime factors of g?
3, 5, 967
Let i = 1 + -1. Suppose -580*p + 572*p = -24. Suppose i = -n - h + 23, -6 = p*h + 3. What are the prime factors of n?
2, 13
Let c = 19442 + -11522. List the prime factors of c.
2, 3, 5, 11
Let t = -605 - -1122. Suppose -512*y + t*y - 2690 = 0. What are the prime factors of y?
2, 269
Suppose -3*l + 14*l = 33. Suppose 4*z - 137 = -3*v + 2*v, 0 = l*v - z - 463. List the prime factors of v.
3, 17
Let q = -310 + 444. Suppose 0 = l - q - 432. List the prime factors of l.
2, 283
Suppose r - 21318 = 3*a, -5*r - 5*a = -4*r - 21350. What are the prime factors of r?
2, 3, 5, 79
Let c be 75/(((-1)/4)/(0 - 1)). What are the prime factors of c/1 - (-9)/((-36)/(-16))?
2, 19
Let l(y) = 4*y + 66. Let x be l(-15). Let f be (0 + 0)*(0 + (-3)/x). Suppose 3*o = -f*o + 4*u + 11, -21 = -o - 3*u. What are the prime factors of o?
3
Let d(b) = 27*b**2 - 21*b - 36. Let z(y) = -18*y**2 + 14*y + 25. Let c(p) = 5*d(p) + 7*z(p). List the prime factors of c(7).
3, 43
Let z(u) = 439*u - 699. What are the prime factors of z(2)?
179
Let h(f) = -16*f + 39. Let c be h(3). Let a(z) = 6*z**2 + 7*z - 67. List the prime factors of a(c).
2, 89
Suppose -21 = -s - 6. Suppose 45 = -14*t + s*t. Suppose -46*u + 90 = -t*u. List the prime factors of u.
2, 3, 5
Let p(m) = -9*m**3 - 10*m**2 - 5*m - 11. Let b(d) = -10*d**3 - 12*d**2 - 6*d - 10. Let i(f) = -2*b(f) + 3*p(f). List the prime factors of i(-5).
727
Suppose -4*m + 8972 + 2688 = 0. Suppose m = 4*t + 3*g, -4*g + 1366 = 3*t - 815. List the prime factors of t.
17, 43
Let o = 79098 - 33946. List the prime factors of o.
2, 17, 83
Let z be 2/7 - 95/(-35). Suppose -z*i - 2*u + 24 = u, 3*i - 25 = -4*u. Suppose -7*f + 35 = -i. What are the prime factors of f?
2, 3
Let x(k) = k**3 - 11*k**2 - 25*k + 1. Let t be x(13). Suppose -3*a = -13 - t. What are the prime factors of a?
3
Let v = 79380 - 43186. List the prime factors of v.
2, 18097
Let f be 11 + (-564)/52 + 409485/13. Suppose 66*k = f + 26713. What are the prime factors of k?
2, 3, 7
Suppose -53297 = -9*o - 11555. List the prime factors of o.
2, 3, 773
Suppose 0*s + 205 = 2*s + 25. Suppose -4*i - 5*h = 13, 2*h + 26 = 4*i + 4. Suppose -i*g + 630 = s. What are the prime factors of g?
2, 3, 5
Suppose -3*p + 194 = -5*q, 2*q = 4*p - 7*p + 229. Suppose -h + p = 71. What are the prime factors of (h - 0) + 132 + 3 + 3?
2, 5, 7
Let i = 13669 + -5534. List the prime factors of i.
5, 1627
Let o be 19134/24 - 15/(-20). Let y = 1987 - o. What are the prime factors of y?
29, 41
Suppose 3*z - 2*y = 5423, 103 + 1718 = z - 4*y. What are the prime factors of z?
5, 19
Let c(m) = 41*m**2 - 2*m - 21. Let t be c(-5). Let r = t - 694. List the prime factors of r.
2, 5
Let k(y) be the third derivative of y**6/120 + y**5/10 - 3*y**4/8 + 25*y**3/6 - 11*y**2 + 3*y. List the prime factors of k(5).
3, 5, 17
Let h(s) = -3 - 5 + 15 - 10 + 3*s - s**2. Let m be h(2). List the prime factors of (101/(-1)*2)/m.
2, 101
Let p(d) be the second derivative of -d**5/10 - d**4/4 - d**3/3 + d**2 - 1572*d. Let t = -7 - -4. What are the prime factors of p(t)?
5, 7
Suppose -c - 80948 = -4*q, 2*q - 40478 = -30*c + 31*c. List the prime factors of q.
3, 5, 19, 71
Suppose -88*f + 979706 + 244022 = 0. What are the prime factors of f?
2, 17, 409
Let h(l) = 435*l**2 + 14*l + 15. List the prime factors of h(2).
1783
Suppose -4*q - 27 = -2*d + 5, 4*d = -5*q - 1. List the prime factors of ((-2828)/21)/(d/(-9)).
2, 101
Let a(l) = -17 + 9 - 14 - l + 0*l. Let y be a(-13). List the prime factors of (-2)/y + (-932)/(-18).
2, 13
Let x be 1/((-5 - -1)/(-104)). Let v = 46 - x. Suppose c = -c + v. List the prime factors of c.
2, 5
Suppose 36 = 13*u - 29. Suppose -4*f = 20 - 256. Suppose u*n = 96 + f. List the prime factors of n.
31
Let v be (-3356)/36 + 136/(-36) + 4. Let g = -64 - v. What are the prime factors of g?
29
Suppose 97*f - 46*f = 52*f - 27873. List the prime factors of f.
3, 19, 163
Let v = 14 + -20. Let s be (37/(-2))/(v/36). Let b = s - -18. List the prime factors of b.
3, 43
Suppose 269*w = 272*w + 87. Let p(v) = -v**3 - 29*v**2 - 12*v + 35. List the prime factors of p(w).
383
Let l = 629 - -6412. List the prime factors of l.
3, 2347
Let x = -11760 - -23084. List the prime factors of x.
2, 19, 149
Let j = 3 + 3. Let m(q) = -4*q**2 - 7*q + 15. Let y(i) = -i + 1. Let g(b) = j*y(b) - m(b). List the prime factors of g(5).
2, 3
Let y = -48 - -62. Let l be (-879)/(-2) - 7/y. Suppose 6*w - 71 = l. What are the prime factors of w?
5, 17
Let v = 23 - 10. Let j = 16 - v. List the prime factors of ((-30)/(-4))/(j/6) + 3.
2, 3
What are the prime factors of (-7 - (-187)/119)/(1/(-3731))?
2, 13, 19, 41
Suppose -4*u - 2*s = -2302, -24*u + 22*u = -2*s - 1154. Let c = u - 334. What are the prime factors of c?
2, 11
Let q(b) = 6044*b**2 + 195*b - 583. List the prime factors of q(3).
2, 59, 461
Let y(m) = -63*m - 13. Let f be y(-5). Suppose -k + 967 + f = 3*t, 4*t - 3822 = -3*k. List the prime factors of k.
2, 3, 71
Let l = 5759 - -24948. List the prime factors of l.
30707
Let v be 1/4 - (-6 - (-25)/4). Suppose -3*o = 2*c - 44 - 92, 2*o - 5*c - 59 = v. What are the prime factors of o?
2, 3, 7
Let x = 80312 - 30995. What are the prime factors of x?
3, 17, 967
Suppose 56*d + 52*d - 29*d - 1876092 = 0. What are the prime factors of d?
2, 3, 1979
Suppose -5*r - 21 = 4*d, -d - 3*r - 2*r = 9. Let w be (2/d)/(3/48). Let x = w + 25. List the prime factors of x.
17
Let w be 4/(-9) + 2366/(-63). What are the prime factors of 0 - (6 - 1)*w?
2, 5, 19
Let x = 3314 - -1479. Let r = -3386 + x. List the prime factors of r.
3, 7, 67
Let k(c) = -c - 6*c + 45 + 54 + 5*c. What are the prime factors of k(24)?
3, 17
Suppose -20 = -4*t - 4*q + 20, -t + 4*q - 15 = 0. Suppose 4*m + 3*n - 3520 = -m, -m = -t*n - 676. Let c = m - 405. List the prime factors of c.
2, 37
Let p = 167 - 147. List the prime factors of p.
2, 5
Let a = -33179 - -49360. List the prime factors of a.
11, 1471
Let a = 78 + -81. What are the prime factors of a - ((-16)/12 + (-5982)/9)?
3, 13, 17
Suppose 1848*r - 1851*r = -5*g - 52673, 3*g = 5*r - 87767. What are the prime factors of r?
17551
Let d(l) = 5*l**2 + 23*l - 626. List the prime factors of d(-62).
2, 29, 37
List the prime factors of (-10)/(((-780)/666)/26).
2, 3, 37
Suppose 5*k - 11*k - 5310 = 0. Let t = 511 - k. What are the prime factors of t?
2, 349
Let j(d) = 3*d + 36. Let l be j(-10). Suppose 4*x - l*f + f = 1505, -15 = -5*f. Suppose 6*o - 5*w = o + x, -3*o = 2*w - 203. List the prime factors of o.
71
Let h(v) = -v**3 + 9*v**2 + 11*v - 4. Let y be h(7). Let l be y/33 - (-4)/(-22). Suppose -l*u + 155 + 180 = 0. What are the prime factors of u?
67
What are the prime factors of -5*8/380 + 4048770/209?
2, 29, 167
Let k = -351 - -359. What are the prime factors of ((-70)/(-4))/(k/400) + 3?
2, 439
Let f(a) = -2*a**2 + 5*a + 1. Let y(z) = -z**2 + 4*z + 2. Suppose 0 = -8*o - 16. Let i(w) = o*f(w) + 3*y(w). List the prime factors of i(-6).
2, 7
List the prime factors of (234/504*7)/((-1)/(-4436)) + 2.
144